{"id":38,"date":"2023-01-15T17:29:13","date_gmt":"2023-01-15T16:29:13","guid":{"rendered":"http:\/\/kinevanloon.be\/?page_id=38"},"modified":"2023-01-15T17:29:13","modified_gmt":"2023-01-15T16:29:13","slug":"le-mot-de-kevin-rijs","status":"publish","type":"page","link":"https:\/\/kinevanloon.be\/?page_id=38","title":{"rendered":"Le mot de Kevin Rijs"},"content":{"rendered":"\n<p>Depuis de nombreuses ann\u00e9es, je suis \u00e0 la recherche du mouvement juste aux travers diff\u00e9rentes formations, inspir\u00e9es de la culture asiatique pour certaines, mais \u00e9galement rigoureusement scientifiques pour d&#8217;autres.<\/p>\n\n\n\n<p>Exer\u00e7ant la kin\u00e9sith\u00e9rapie depuis 10 ans en cabinet priv\u00e9, j\u2019ai l\u2019habitude de prendre en charge la plupart des affections relevant de l\u2019appareil locomoteur mis \u00e0 part la p\u00e9rinatalit\u00e9. J\u2019ai \u00e9t\u00e9 r\u00e9f\u00e9rent dans un programme de r\u00e9habilitation pour lombalgiques durant un an dans un h\u00f4pital fran\u00e7ais.<\/p>\n\n\n\n<p>Je r\u00e9alise \u00e9galement des s\u00e9ances de kin\u00e9sith\u00e9rapie respiratoire pour diff\u00e9rents types de pathologies, par pressions manuelles, techniques de souffle et mouvements actifs.<\/p>\n\n\n\n<p>De nombreuses formations en gymnastiques douces asiatiques \u00e9tayent les s\u00e9ances individuelles et de groupes que j\u2019ai l\u2019habitude de r\u00e9aliser avec des personnes \u00e2g\u00e9es, des jeunes et des adultes. Les diff\u00e9rents courants de ces \u00ab&nbsp;mouvements fluides et postures&nbsp;\u00bb ont pour point commun de permettre \u00e0 l\u2019individu de canaliser son \u00e9nergie et de r\u00e9duire l\u2019agitation mentale. Il me semble que chacun peut se sentir grandi d\u2019un apaisement c\u00e9r\u00e9bral qui procure \u00e9galement un bien-\u00eatre corporel.<\/p>\n","protected":false},"excerpt":{"rendered":"<p>Depuis de nombreuses ann\u00e9es, je suis \u00e0 la recherche du mouvement juste aux travers diff\u00e9rentes formations, inspir\u00e9es de la culture asiatique pour certaines, mais \u00e9galement rigoureusement scientifiques pour d&#8217;autres. Exer\u00e7ant la kin\u00e9sith\u00e9rapie depuis 10 ans en cabinet priv\u00e9, j\u2019ai l\u2019habitude de prendre en charge la plupart des affections relevant de l\u2019appareil locomoteur mis \u00e0 part [&hellip;]<\/p>\n","protected":false},"author":1,"featured_media":0,"parent":0,"menu_order":0,"comment_status":"closed","ping_status":"closed","template":"","meta":{"footnotes":""},"class_list":["post-38","page","type-page","status-publish","hentry"],"_links":{"self":[{"href":"https:\/\/kinevanloon.be\/index.php?rest_route=\/wp\/v2\/pages\/38","targetHints":{"allow":["GET"]}}],"collection":[{"href":"https:\/\/kinevanloon.be\/index.php?rest_route=\/wp\/v2\/pages"}],"about":[{"href":"https:\/\/kinevanloon.be\/index.php?rest_route=\/wp\/v2\/types\/page"}],"author":[{"embeddable":true,"href":"https:\/\/kinevanloon.be\/index.php?rest_route=\/wp\/v2\/users\/1"}],"replies":[{"embeddable":true,"href":"https:\/\/kinevanloon.be\/index.php?rest_route=%2Fwp%2Fv2%2Fcomments&post=38"}],"version-history":[{"count":2,"href":"https:\/\/kinevanloon.be\/index.php?rest_route=\/wp\/v2\/pages\/38\/revisions"}],"predecessor-version":[{"id":52,"href":"https:\/\/kinevanloon.be\/index.php?rest_route=\/wp\/v2\/pages\/38\/revisions\/52"}],"wp:attachment":[{"href":"https:\/\/kinevanloon.be\/index.php?rest_route=%2Fwp%2Fv2%2Fmedia&parent=38"}],"curies":[{"name":"wp","href":"https:\/\/api.w.org\/{rel}","templated":true}]}}